*k - 8 = 0, s*h - 5*k - 48 = -13. What are the prime factors of h?
3
Let m = -10 - -11. Let p = m + 13. List the prime factors of p.
2, 7
Let r be (6/3)/(4/10). Let b = r + 15. Suppose x + 30 = 5*x - 2*t, -2*t = -3*x + b. List the prime factors of x.
2, 5
Let c(t) = -t - 9. Let j be c(-4). Let g(x) = 2*x + 1. Let s be g(j). Let y = s + 13. List the prime factors of y.
2
Let r(z) = -z**3 + 6*z**2 - 6*z + 2. Suppose 5*a + 5 = 25. List the prime factors of r(a).
2, 5
Suppose 0 = 12*l - 16*l + 488. List the prime factors of l.
2, 61
Let z be 11 - (0 + 0 + -1). List the prime factors of ((-2)/(-3))/(2/z).
2
Let b(i) = 2*i**3 - 3*i**2 - 5*i + 2. Let t be b(3). What are the prime factors of t - (4 + -3 + 2)?
11
Let r = -3 + 2. Let u = 15 - r. Let c = 32 - u. List the prime factors of c.
2
Let a be 1/(-1 + (-2)/(-3)). Suppose -b + 5 = -4*y, -2*y = -4*b - 5 + 39. List the prime factors of a + 3/(b/39).
2, 5
Suppose k = -3*x + 23, -x + 18 = x - 2*k. Let h = x + -4. Suppose -20 = -h*r - r. What are the prime factors of r?
2
Suppose -4 + 19 = 3*i. Suppose 0 = -g, i*c - 4 = -g + 31. List the prime factors of c.
7
Suppose -p - 6 = -9. Suppose -p*a + 52 + 5 = 0. List the prime factors of a.
19
Let j = -9 + 35. Let t be (-1 + 2)*j*1. Suppose -4*d + q = -2*q - t, 2*d = -2*q + 20. List the prime factors of d.
2
Let a be (-4)/6 - (-17)/3. Suppose 0 = -5*k + 10 + a. Suppose k*w - 20 = -2. What are the prime factors of w?
2, 3
Let h = -21 - -82. What are the prime factors of h?
61
Suppose -3*a = 91 - 31. What are the prime factors of 3*a/(-3) + -2?
2, 3
Let h be 20/(-3)*54/(-15). Let a = h + -17. Let o(w) = -w**2 + 7*w + 3. List the prime factors of o(a).
3
List the prime factors of ((-480)/9)/(-8)*27/2.
2, 3, 5
List the prime factors of (-3)/(-9)*6/(-4)*-68.
2, 17
Let z be ((-4)/12)/((-1)/3). List the prime factors of (-5)/(1/(z - 4)).
3, 5
Let i(j) be the first derivative of -j**3/3 - 9*j**2/2 - 3*j + 3. Let v be 1*-1*7 - 1. What are the prime factors of i(v)?
5
Let p = 4 - 1. Let q be 5 - (p + -6) - -1. Suppose 2 = m - q. What are the prime factors of m?
11
Suppose -3*n + 10 = 4. List the prime factors of n.
2
Let r(f) = -24*f. Let m be r(1). Let s be (-428)/(-12) - (-4)/(-6). Let j = s + m. What are the prime factors of j?
11
Let i(q) = 3*q - 13. Let w(a) be the second derivative of -a**5/20 + 3*a**4/4 - a**3 - 7*a**2/2 - a. Let u be w(8). List the prime factors of i(u).
2, 7
Suppose -m - 2 = -29. Suppose -2*f = 5 - m. What are the prime factors of f?
11
Suppose -3*b = -w - 10, 3*w - 7*w - b = -12. Suppose -4*a = -16, -i - w*i - 3*a = -69. What are the prime factors of i?
19
Let h = 162 + -80. List the prime factors of h.
2, 41
Suppose m + 218 = 4*z, -53 = 3*z - 4*z + m. Let x = z + -32. List the prime factors of x.
23
Let i = -76 - -205. List the prime factors of i.
3, 43
Let b be 103 + (-6)/9*-3. Suppose 2*z - b = -3*z. List the prime factors of z.
3, 7
Let d = -22 + 45. Let n = -13 + d. Suppose -3*x = -x, 2*x + n = 5*z. List the prime factors of z.
2
Suppose 7*w - 15*w = -1280. What are the prime factors of w?
2, 5
Let d(j) = j + 3. Let q be d(0). Suppose 5*s - n = -15, -3*n = -q*s - 2*s - 5. What are the prime factors of (-23)/s + (-1)/(-4)?
2, 3
Let z(g) = g**2 - 2 + 3 - 4. Let p be (2 - 4)/(6/(-9)). List the prime factors of z(p).
2, 3
Let f(d) = -d**3 + 5*d**2 - 3*d + 1. Let k be f(4). Suppose -j = m - 20, 3*j - 33 = k*m + 43. What are the prime factors of j?
2, 11
Suppose h - 15 = 27. What are the prime factors of h?
2, 3, 7
Let x(t) = -2*t**3 - 20*t**2 + 15*t + 31. Let f(n) = -n**3 - 10*n**2 + 7*n + 16. Let r(j) = -5*f(j) + 3*x(j). List the prime factors of r(-11).
2, 3
Let s = -2 - -2. Suppose -3*p + 8 = -4*h + 3, -p - 3*h + 19 = s. Let y(w) = w**2 - 6*w + 4. What are the prime factors of y(p)?
11
Let p = -12 + 17. Let l = 14 - -35. Suppose p*o = l + 36. List the prime factors of o.
17
Let s(g) = -6*g**2 - 2*g + 1. Let h be s(2). List the prime factors of (-9)/h*84/2.
2, 7
Let m be 18/4*(-4)/(-6). Suppose -m*w + 40 = 2*w. What are the prime factors of w?
2
Let z(y) = -y - 3. Let g be z(-7). Let d(c) = 8*c - 6. What are the prime factors of d(g)?
2, 13
Suppose 4*f - 20 = -4. Suppose -5*q + f + 16 = 0. Let p = -2 + q. What are the prime factors of p?
2
Let q be 0/(-2) + (4 - -7). Let h = -5 + q. List the prime factors of h.
2, 3
Let x(d) = -2 + 9*d + d + d**2 - 4*d. Let t be x(-3). Let m = t - -20. List the prime factors of m.
3
Suppose -16 = -8*a - 0. What are the prime factors of a?
2
Suppose -2*g - 2*p - 22 = 0, 3*g + g - 2*p + 74 = 0. Let x = g - -25. What are the prime factors of x?
3
Let z be 2/(-4) + (-136)/16. Let j(c) = 2*c + 6*c - 1 - 8*c**2 - c**3 + 0*c. What are the prime factors of j(z)?
2
Let t = -10 + 16. Let w = -14 - -7. Let p = t - w. What are the prime factors of p?
13
List the prime factors of (-44)/6*(-9)/2.
3, 11
Suppose -2*x + 8 = 0, 0*g - 112 = -5*g + 2*x. List the prime factors of g.
2, 3
Let y be (-4)/16 + 2/8. Suppose -5 = h - 5*i + 15, h + 3*i - 20 = 0. Suppose y*t = h*t - 15. List the prime factors of t.
3
Let d be 2 + (-1 + 1)*-1. Let h = 4 + d. Let m(v) = v + 4. List the prime factors of m(h).
2, 5
Let h = -162 - -254. List the prime factors of h.
2, 23
Let n = -10 + 6. What are the prime factors of (-2 + 11)*n/(-6)?
2, 3
Let t(j) = -j**2 + 7*j + 11. Let w be t(8). What are the prime factors of 4 + (31 + 2)/w?
3, 5
Let s(t) = -32*t**2 - 3*t + 2. Let j be s(1). What are the prime factors of -4*(-3 - j/(-12))?
23
Let p(l) = -47*l**2. Let d be p(-1). Let t = d + 66. List the prime factors of t.
19
Suppose 2*o - 3*p - 112 = 0, 142 + 110 = 4*o + p. Suppose 5*z - o = 23. What are the prime factors of z?
17
Let l = -18 + -9. Let a = l - -17. Let o = 16 + a. What are the prime factors of o?
2, 3
List the prime factors of ((-4 + -220)/4)/(-1).
2, 7
Let d = -11 + -5. Suppose -2*q = -6*q - b + 121, 4*b - 165 = -5*q. Let v = d + q. List the prime factors of v.
13
Let a = 79 + 29. List the prime factors of a.
2, 3
Let v(r) = r**3 - 8*r**2 + 9*r - 8. Let l be v(7). Let i = 8 - l. List the prime factors of 1/i - 5/(-2).
3
Let y = 5 - 3. Suppose 3 = s, -y*u - u + 39 = s. Suppose u = -4*h, -4*i - 2*h = -3*i. What are the prime factors of i?
2, 3
What are the prime factors of 20/(-4)*(-94)/5?
2, 47
Suppose 5*c = -13 - 42. Let l be c/2*(-8)/2. Suppose 3*a - l - 14 = 0. List the prime factors of a.
2, 3
Suppose -24 + 2 = -2*l. What are the prime factors of l?
11
Suppose 390 = 12*h - 3570. List the prime factors of h.
2, 3, 5, 11
Let b(u) = 3*u**2 + 12*u + 3. What are the prime factors of b(-7)?
2, 3, 11
What are the prime factors of (3 + (-44)/12)*948/(-8)?
79
List the prime factors of -12*5/10*-2.
2, 3
Let u = -3 + 5. Let m be u/4 - (-18)/12. Suppose -h - 32 = -4*t, m*t = -4*h + 16 - 0. List the prime factors of t.
2
Suppose 0 = -t - 3*p - 2*p + 1, p - 21 = 5*t. Let b = 2 - t. What are the prime factors of b?
2, 3
Suppose 4*u - 2*u = 8. Suppose -k = -u*k + 87. List the prime factors of k.
29
Let c(b) = -b**3 - 6*b**2 - 2*b. Suppose 3 = 3*m - 2*m. Suppose 0 = m*w - 3*y - 0 + 15, -w - 1 = -5*y. What are the prime factors of c(w)?
2, 3
Suppose -4*i - 51 = -u, 155 = 5*u + 2*i - 78. What are the prime factors of u?
47
Let l(g) = g**3 - g**2 - 2*g + 3. Let x be l(2). Suppose 16 = 3*z + 5*o - x, -5 = z - 4*o. Suppose z*q + 31 = 85. List the prime factors of q.
2, 3
Let y = -56 + 140. What are the prime factors of y?
2, 3, 7
Let a = 5 - -142. List the prime factors of a.
3, 7
Let d = -14 - -22. Suppose 32 = 4*x + d. Let j = 0 + x. List the prime factors of j.
2, 3
Let k be 0/(3/((-12)/4)). Suppose k*d + 5*d - 175 = 0. List the prime factors of d.
5, 7
Suppose -21 = -2*s - 5*k, 0*s + 5*s + 35 = 5*k. Let a = s + 3. Let h = a - -4. List the prime factors of h.
5
Let w = -9 - -11. Let c(f) = 3*f**w - 4*f + 5 - 5 + f**2 + f**3. What are the prime factors of c(-4)?
2
Let i = 202 + -123. Let g = i - 31. List the prime factors of g.
2, 3
Let a be (0 + (-26)/6)*-6. Let n = a + 25. List the prime factors of n/5 - 2/10.
2, 5
Let p be ((-1)/(-3))/(5/75). Suppose -5*b - 84 = t - 3*t, -p*t = -3*b - 58. Let y = b - -28. List the prime factors of y.
2, 3
Let a(g) = g + 2. Suppose 2*n = 4*r - 122, -4*r + r = 5*n - 59. Suppose 10*x - 5*x = k + r, -4*x = k - 26.